, 11
Let w be (-5 + 5)/(3 + -2). Suppose w = 3*x + 3*f - 9, x - 2*f - 10 = -x. What are the prime factors of -3 - (-10 + x + -1)?
2
Let t = 14 - 8. List the prime factors of (-6)/(-36) + 263/t.
2, 11
Let u be ((-18)/12)/((-6)/80). Let b = 31 - u. What are the prime factors of b?
11
Suppose 5*s - 8 = 3*s. Suppose -3*f + 35 - 3 = -5*m, -f = -s*m - 20. What are the prime factors of f?
2
Let v = -6 - -11. Suppose 30 = z + v*m - 1, -27 = -z - 4*m. List the prime factors of z.
11
Suppose 4*g + 146 = 5*q + 1685, -3*g + 4*q + 1153 = 0. List the prime factors of g.
17, 23
Let z(r) = r**3 - 7*r**2 - 7*r - 11. Let x be z(8). Let o = 8 + x. Suppose h = 5*m + o*h - 40, 2*h = 3*m - 46. List the prime factors of m.
2, 3
Let t(b) = -b**2 + 17*b + 24. What are the prime factors of t(18)?
2, 3
Let x = 305 + -141. List the prime factors of x.
2, 41
Let u(q) = -q**3 - 6*q**2 + 7*q + 3. Let b be u(-7). Let k be 4/(-12) - (-7)/b. Suppose -k*n - 2*l + 5 = -n, -3*n + 8 = -l. What are the prime factors of n?
3
Suppose -2*v = 4, -2*b + 6*v = v + 6. Let h(l) = 10*l + 12. Let u be h(b). List the prime factors of u/(-7) - 18/(-63).
2, 5
Let d be -2 - (-1)/((-3)/(-12)). Suppose d*x - 3 + 7 = 0. Let w(g) = g**2 - 2*g - 3. List the prime factors of w(x).
5
Suppose -3*m + 4*m - 5 = 0. Suppose -2*x + 176 = k - 4*k, -m*x + 427 = -k. Suppose -x = u - 6*u. What are the prime factors of u?
17
Suppose 2*t + 2*u - 66 = t, 3*t + 5*u - 193 = 0. What are the prime factors of t?
2, 7
Let a = 74 + -41. Let u = a + -13. Suppose 4*o - 45 = -5*z, u = 2*o - 3*o + 5*z. List the prime factors of o.
5
Let u(n) = 5*n + n**3 + 16 - n**2 - 7*n + 2*n. List the prime factors of u(0).
2
Let y be (1 + 3)*(-3)/4. Let u be -1*(y - 2*-1). Let g(m) = 12*m. What are the prime factors of g(u)?
2, 3
Suppose 5*n - 3*j - 58 = 0, -4*n + 8*n + j - 60 = 0. Suppose -3*x + 5 = -10, 0 = -w + 5*x - 20. Let o = n - w. List the prime factors of o.
3
Let h be 16/28*(-3 - -17). Let j = -3 + 5. What are the prime factors of (h/j)/((-2)/(-3))?
2, 3
Suppose -18*b + 4813 = 1519. List the prime factors of b.
3, 61
Suppose -54 - 6 = -k. List the prime factors of k.
2, 3, 5
Let j(n) = 4*n**2 - 2*n + 9. What are the prime factors of j(5)?
3, 11
Suppose x = 6*x - 45. Suppose 5*g = -4*h + 27, 3*h + x = 5*g + h. List the prime factors of g.
3
Suppose 5*c + 29 = -21. Let t be (1 - 9)/(6/12). Let q = c - t. List the prime factors of q.
2, 3
Let f(t) be the first derivative of 3*t**2 + 4*t - 1. What are the prime factors of f(4)?
2, 7
Suppose -h = -3 - 1. Suppose -12 = 4*n - h, 5*n - 33 = -k. Suppose k + 7 = 5*c. List the prime factors of c.
2, 5
Suppose -b + 1 = -3. Let p = b + -1. Let x = 5 - p. What are the prime factors of x?
2
Suppose -u = 0, 3*m + 21 = -u - 4*u. Let h(b) = 3*b + 10. Let q be h(m). Let w = q - -23. What are the prime factors of w?
2, 3
Suppose 17*k + 357 = 18*k. What are the prime factors of k?
3, 7, 17
Suppose 14 = -z - 3*t, 4*z - 3*t - 17 = 2*z. Let g(y) = 0 - z + y + y. What are the prime factors of g(3)?
5
Let f = -211 - -357. What are the prime factors of f?
2, 73
Let p(v) = -8*v + 8. List the prime factors of p(-20).
2, 3, 7
Suppose 4*b - 76 = -d + 31, 95 = 4*b - 3*d. Let j = 83 - b. Suppose i - 4*i + j = 0. List the prime factors of i.
19
Let h(m) be the second derivative of -m**5/60 - m**4/6 + m**2 - 4*m. Let a(s) be the first derivative of h(s). List the prime factors of a(-3).
3
Let z = 8 - 16. Let h = -5 - z. Suppose 0 = -h*q - 2 + 44. What are the prime factors of q?
2, 7
Suppose 2*p - 10 = 0, 2*l - p + 3*p + 122 = 0. List the prime factors of (6/9)/((-4)/l).
11
Let q(t) = -t**3 - 5*t**2 + 9*t + 9. Let c be q(-7). Suppose -2*g = -2*i - c, -i = i. What are the prime factors of g?
2, 11
What are the prime factors of (-5)/20 + (-89)/(-4)?
2, 11
Let x(i) = -i**3 - 5*i**2 - 2*i - 4. Let f be x(-5). Suppose 0 = -7*g + 8*g - f. List the prime factors of g.
2, 3
Let l(q) = 6*q + 2. Let w be l(6). Let d = w - 20. List the prime factors of d.
2, 3
Suppose y + 4*y - 690 = -3*p, -4*y + 550 = 2*p. What are the prime factors of y?
3, 5
Suppose -3*v - 30 = 2*v. What are the prime factors of v/(-21) + (-188)/(-28)?
7
Let d(t) = 27*t - 10. List the prime factors of d(3).
71
Let q = 28 - 12. Let f be ((-20)/q)/(1/(-4)). Suppose 0 = -2*w + f*z + 31, -10 = 2*w - 2*z - 32. What are the prime factors of w?
2
Suppose -5*t - 5*l + 17 = -33, 4*l = 5*t - 41. What are the prime factors of t?
3
Let t = 2 + 1. Suppose 0 = t*c - 0*c + 24. Let p = c + 13. What are the prime factors of p?
5
Suppose -3*h + 0*h + 48 = 0. Suppose -l + 3*c = -37, -l = c + h - 69. List the prime factors of l.
7
Suppose -116 = 2*t - 3*b - 38, 3*t + 143 = -2*b. Let m be (-280)/t - (-4)/(-18). Let v = m + 1. What are the prime factors of v?
7
Let k = -1 + 30. What are the prime factors of k?
29
Let l be -2*(0 - 1)*713/(-46). Let g(v) = v**3 - 44. Let k be g(0). Let p = l - k. What are the prime factors of p?
13
Suppose 3*u + 2*l - 421 = -0*u, 5*l = -4*u + 559. What are the prime factors of u?
3, 47
Suppose -4*p = -0*p + 52. Let w(d) = d**2 + 13*d + 6. List the prime factors of w(p).
2, 3
Suppose -253 = 5*c - 4*g, g = -3 + 5. Let b = c - -71. Suppose -b = -4*r + 2*r. List the prime factors of r.
11
Let x(c) = 14*c**2 - 2*c - 2. Suppose 2*h + 3 + 1 = -4*j, 0 = -2*h + 2*j + 8. Let d be x(h). Suppose -d = -3*p - 8. List the prime factors of p.
2, 7
Suppose 6 = 5*p - 4. List the prime factors of p.
2
Let d(j) = 3*j**2 + 3*j - 2. Let o be d(2). List the prime factors of 408/o*(-4)/(-6).
17
List the prime factors of (2/3)/((-3)/(-108)).
2, 3
Let v(l) be the second derivative of -7*l**3/6 - 3*l**2 + 6*l. List the prime factors of v(-4).
2, 11
Let r(l) = 3*l + 7. Let s(q) = -3*q - 7. Let n(d) = 4*r(d) + 5*s(d). List the prime factors of n(-5).
2
Suppose 0*z = 5*i + z - 245, 0 = -2*z + 10. Suppose 4*k - 5 = 5*n, n - 4 = -4*k + 19. Suppose -n*j = j - i. List the prime factors of j.
2, 3
Let o = -20 + 20. Suppose 3*s + 4 = 2*u - 0, 3*u = -4*s + 23. Suppose -22 = -2*w - s*v, o*w - 4*v = 3*w - 30. List the prime factors of w.
2, 7
Let f be 1*3 + (2 - 2). Suppose -f*k + 27 = -3. What are the prime factors of k?
2, 5
What are the prime factors of ((-2 - -2) + -106)*(-1 + 0)?
2, 53
Suppose 4*d - 3*d = 47. Suppose 17 = -3*f + d. What are the prime factors of (-12)/f*(-2 - 8)?
2, 3
Suppose -10 = 4*z - 2, -3*z - 36 = -2*j. List the prime factors of j.
3, 5
Let q(m) = 7*m + 5. Let l(b) = 6*b + 5. Let y(o) = 4*l(o) - 3*q(o). Let p(r) = r**2 + 4*r + 6. Let h(x) = 3*p(x) - 4*y(x). List the prime factors of h(2).
2, 5
Suppose 0 = 2*r - 3*u + 36, 3*r = 5*u - u - 53. List the prime factors of ((-6)/r)/((-3)/(-45)).
2, 3
Suppose -x - 5 = 0, -5*x - 55 - 82 = -2*o. What are the prime factors of o?
2, 7
Let s = 8 - 0. Let k(t) = -t**2 + 12*t - 6. What are the prime factors of k(s)?
2, 13
Suppose 5*q - 38 = 52. What are the prime factors of q?
2, 3
Suppose 3*g = -6*b + 3*b + 12, 5*g + 15 = 2*b. Let t = 17 + g. What are the prime factors of t?
2
Suppose -6*d + 53 + 259 = 0. List the prime factors of d.
2, 13
Let u(d) = -d**2 + 6*d - 2. List the prime factors of u(5).
3
Let i(a) = 10*a**2 + a - 1. Let o be i(-2). Suppose o = 4*k - 2*c - 91, 0 = -5*k - c + 146. List the prime factors of k.
2, 3, 5
Suppose -302 + 866 = 6*p. List the prime factors of p.
2, 47
Suppose -2*x = -x - 52. List the prime factors of x.
2, 13
Suppose -2*o + 5*q = 3*q + 2, 0 = 5*o - q + 17. Let f(k) be the third derivative of -k**5/60 - 7*k**4/24 - 6*k**2. List the prime factors of f(o).
2, 3
Let b(d) = 2*d - 3. Let u(k) = -2*k + 2. Let v(x) = 4*b(x) + 3*u(x). What are the prime factors of v(10)?
2, 7
Let y(l) = -l**2 + 11*l - 4. Let x be y(10). Suppose 0 + 6 = -3*v. What are the prime factors of ((-57)/x)/(1/v)?
19
Let v be ((-2)/(-3))/(6/(-9)). Let t = 22 - v. What are the prime factors of t?
23
Let r(n) be the first derivative of -n**3/3 - n**2 + 2*n - 1. List the prime factors of r(-2).
2
List the prime factors of 673/3 - (-4)/72*-6.
2, 7
Let s(l) = l + 13. Let h be s(-10). Suppose -h*x - 5 - 20 = -p, x = -4*p - 30. What are the prime factors of 2/(-4) - 145/x?
2, 7
Let q(g) = 11*g - 18. List the prime factors of q(13).
5
Let n be 1 + 1 + (3 - 10). List the prime factors of ((-27)/(-12))/(n/(-40)).
2, 3
Let z(v